{"id":10722,"date":"2025-08-27T20:41:28","date_gmt":"2025-08-27T18:41:28","guid":{"rendered":"https:\/\/cyrkus.eu\/?page_id=10722"},"modified":"2025-09-07T07:53:27","modified_gmt":"2025-09-07T05:53:27","slug":"cyrkus-im-laden-w-sklepie","status":"publish","type":"page","link":"https:\/\/cyrkus.eu\/pl\/cyrkus\/cyrkus-im-laden-w-sklepie\/","title":{"rendered":"CYRKUS w sklepie"},"content":{"rendered":"\n<div class=\"breit Ueberschrift-Titel\">\n<h1 class=\"wp-block-heading\">CYRKUS w sklepie<\/h1>\n<\/div>\n\n\n\n<div class=\"breit Container-Durchsichtig\">\n<div class=\"gb-element-16b30f04\">\n<div>\n<img loading=\"lazy\" decoding=\"async\" width=\"1024\" height=\"1024\" src=\"https:\/\/cyrkus.eu\/wp-content\/uploads\/2025\/03\/cyrkus-laden.webp\" title=\"cyrkus-laden\" srcset=\"https:\/\/cyrkus.eu\/wp-content\/uploads\/2025\/03\/cyrkus-laden.webp 1024w, https:\/\/cyrkus.eu\/wp-content\/uploads\/2025\/03\/cyrkus-laden-800x800.webp 800w, https:\/\/cyrkus.eu\/wp-content\/uploads\/2025\/03\/cyrkus-laden-340x340.webp 340w, https:\/\/cyrkus.eu\/wp-content\/uploads\/2025\/03\/cyrkus-laden-768x768.webp 768w\" sizes=\"auto, (max-width: 1024px) 100vw, 1024px\" \/>\n<\/div>\n\n\n\n<div>\n<p>Od wiosny 2012 roku istnieje cotygodniowy lokalny projekt <em>CYRKUS w sklepie<\/em>. Jego wyj\u0105tkowo\u015b\u0107 polega na tym, \u017ce przez lata jako miejsce treningowe wykorzystywano pusty lokal sklepowy. Dzi\u0119ki temu stali\u015bmy si\u0119 widoczni w centrum miasta G\u00f6rlitz. Poniewa\u017c jednak lokal ten sta\u0142 si\u0119 zbyt ma\u0142y, obecnie korzystamy z CYRKUSowego DOMicila.<\/p>\n\n\n\n<p>Warsztaty w sklepie CYRKUS s\u0105 pozaszkoln\u0105 form\u0105 sp\u0119dzenia czasu wolnego zawieraj\u0105c\u0105&nbsp;koncepcj\u0119 pedagogiczn\u0105. <br>Dzi\u0119ki nim, dzieci i m\u0142odzie\u017c z bli\u017aniaczego miasta maj\u0105 mo\u017cliwo\u015b\u0107&nbsp;porozumiewania si\u0119 za pomoc\u0105 j\u0119zyka cia\u0142a i ruchu.<\/p>\n\n\n\n<p class=\"has-text-align-left\">Plan <a href=\"https:\/\/cyrkus.eu\/pl\/cyrkus\/cyrkus-w-sklepie\/\">warsztat\u00f3w w sezonie 2025\/2026<\/a> znajduje si\u0119 pod opisem projektu!<\/p>\n<\/div>\n<\/div>\n<\/div>\n\n\n\n<div class=\"breit Container-Orange\">\n<div class=\"gb-element-4ddd5024\">\n<div>\n<p>Poza cyrkowymi dyscyplinami takimi jak \u017conglerka, akrobatyka, monocykl i klaunada, trenowane&nbsp;s\u0105 na ka\u017cdym kursie, r\u00f3wnie\u017c techniki teatralne maj\u0105c na celu nauk\u0119 sztuki prezentacji. Warsztaty&nbsp;otwarte s\u0105 dla dzeci od lat 7. <\/p>\n\n\n\n<p>Dla 0 do 7-latk\u00f3w odbywaj\u0105 si\u0119 warsztaty zabawy cyrkowe, w trakcie&nbsp;kt\u00f3rych najmniejsi poznaj\u0105 \u015bwiat cyrku, mog\u0105 si\u0119 wypr\u00f3bowa\u0107, wzajemnie pozna\u0107 i sobie&nbsp;pomaga\u0107. Nast\u0119pnym warsztatem, jest vari\u00e9t\u00e9s dla m\u0142odzie\u017cy z do\u015bwiadczeniem cyrkowym.<\/p>\n<\/div>\n\n\n\n<div>\n<img loading=\"lazy\" decoding=\"async\" width=\"1024\" height=\"1024\" src=\"https:\/\/cyrkus.eu\/wp-content\/uploads\/2025\/03\/cyrkus-im-laden-3.webp\" title=\"cyrkus-im-laden-3\" srcset=\"https:\/\/cyrkus.eu\/wp-content\/uploads\/2025\/03\/cyrkus-im-laden-3.webp 1024w, https:\/\/cyrkus.eu\/wp-content\/uploads\/2025\/03\/cyrkus-im-laden-3-800x800.webp 800w, https:\/\/cyrkus.eu\/wp-content\/uploads\/2025\/03\/cyrkus-im-laden-3-340x340.webp 340w, https:\/\/cyrkus.eu\/wp-content\/uploads\/2025\/03\/cyrkus-im-laden-3-768x768.webp 768w\" sizes=\"auto, (max-width: 1024px) 100vw, 1024px\" \/>\n<\/div>\n<\/div>\n<\/div>\n\n\n\n<div class=\"breit Container-Lila\">\n<div class=\"gb-element-4d3dccb8\">\n<div>\n<img loading=\"lazy\" decoding=\"async\" width=\"1024\" height=\"1024\" src=\"https:\/\/cyrkus.eu\/wp-content\/uploads\/2025\/03\/cyrkus-im-laden-1.webp\" title=\"cyrkus-im-laden-1\" srcset=\"https:\/\/cyrkus.eu\/wp-content\/uploads\/2025\/03\/cyrkus-im-laden-1.webp 1024w, https:\/\/cyrkus.eu\/wp-content\/uploads\/2025\/03\/cyrkus-im-laden-1-800x800.webp 800w, https:\/\/cyrkus.eu\/wp-content\/uploads\/2025\/03\/cyrkus-im-laden-1-340x340.webp 340w, https:\/\/cyrkus.eu\/wp-content\/uploads\/2025\/03\/cyrkus-im-laden-1-768x768.webp 768w\" sizes=\"auto, (max-width: 1024px) 100vw, 1024px\" \/>\n<\/div>\n\n\n\n<div>\n<p>W powy\u017cszych formach cyrk jest narz\u0119dziem wspieraj\u0105cym, w r\u00f3\u017cnych fazach rozwoju dzieci,&nbsp;\u015bwiadomo\u015b\u0107 i postrzeganie samego siebie oraz grupy.&nbsp;Na koniec kalendarzowego roku, jak i na zako\u0144czenie ka\u017cdego, ok. sze\u015bciomiesi\u0119cznego sezonu&nbsp;sklepu CYRKUS, pod pedagogiczno &#8211; artystycznym kierownictwem uczestnicy wsp\u00f3lnie opracowuj\u0105&nbsp;wyst\u0119py, prezentowane przed publiczno\u015bci\u0105. Dotychczas przedstawienia odby\u0142y si\u0119 w Gerhart-Hauptmann-Theater G\u00f6rlitz-Zittau, na scenie Apollo, w Miejskim Domu Kultury w Zgorzelcu, w&nbsp;trakcie pikniku kulturalnego na Demianiplatz w G\u00f6rlitz, na rynku w Sulikowie, przy K\u00fchlhaus oraz na \u015al\u0105skim&nbsp;Jarmarku Bo\u017conarodzeniowym w G\u00f6rlitz.<\/p>\n<\/div>\n<\/div>\n<\/div>\n\n\n\n<div class=\"breit Container-Durchsichtig\">\n<h2 class=\"wp-block-heading\">Projekt CYRKUS w sklepie | im Laden w 2025 roku jest wspierany przez:<\/h2>\n\n\n<div class=\"wp-block-image\">\n<figure class=\"aligncenter size-large\"><img loading=\"lazy\" decoding=\"async\" width=\"1600\" height=\"618\" src=\"https:\/\/cyrkus.eu\/wp-content\/uploads\/2025\/08\/cil-foerderer-594-x-420-mm-1600x618.jpg\" alt=\"\" class=\"wp-image-10691\" srcset=\"https:\/\/cyrkus.eu\/wp-content\/uploads\/2025\/08\/cil-foerderer-594-x-420-mm-1600x618.jpg 1600w, https:\/\/cyrkus.eu\/wp-content\/uploads\/2025\/08\/cil-foerderer-594-x-420-mm-800x309.jpg 800w, https:\/\/cyrkus.eu\/wp-content\/uploads\/2025\/08\/cil-foerderer-594-x-420-mm-768x297.jpg 768w, https:\/\/cyrkus.eu\/wp-content\/uploads\/2025\/08\/cil-foerderer-594-x-420-mm-1536x593.jpg 1536w, https:\/\/cyrkus.eu\/wp-content\/uploads\/2025\/08\/cil-foerderer-594-x-420-mm-2048x791.jpg 2048w\" sizes=\"auto, (max-width: 1600px) 100vw, 1600px\" \/><\/figure>\n<\/div><\/div>\n\n\n\n<p>Zdj\u0119cia: Wyst\u0119p CYRKUS w sklepie | im Laden 2024 \u00a9 Jacek Rydecki<\/p>\n","protected":false},"excerpt":{"rendered":"<p>CYRKUS w sklepie Od wiosny 2012 roku istnieje cotygodniowy lokalny projekt CYRKUS w sklepie. Jego &#8230; <a title=\"CYRKUS w sklepie\" class=\"read-more\" href=\"https:\/\/cyrkus.eu\/pl\/cyrkus\/cyrkus-im-laden-w-sklepie\/\" aria-label=\"Dowiedz si\u0119 wi\u0119cej o CYRKUS w sklepie\">Czytaj dalej<\/a><\/p>\n","protected":false},"author":9,"featured_media":3028,"parent":358,"menu_order":3,"comment_status":"closed","ping_status":"closed","template":"","meta":{"footnotes":""},"class_list":["post-10722","page","type-page","status-publish","has-post-thumbnail"],"_links":{"self":[{"href":"https:\/\/cyrkus.eu\/pl\/wp-json\/wp\/v2\/pages\/10722","targetHints":{"allow":["GET"]}}],"collection":[{"href":"https:\/\/cyrkus.eu\/pl\/wp-json\/wp\/v2\/pages"}],"about":[{"href":"https:\/\/cyrkus.eu\/pl\/wp-json\/wp\/v2\/types\/page"}],"author":[{"embeddable":true,"href":"https:\/\/cyrkus.eu\/pl\/wp-json\/wp\/v2\/users\/9"}],"replies":[{"embeddable":true,"href":"https:\/\/cyrkus.eu\/pl\/wp-json\/wp\/v2\/comments?post=10722"}],"version-history":[{"count":4,"href":"https:\/\/cyrkus.eu\/pl\/wp-json\/wp\/v2\/pages\/10722\/revisions"}],"predecessor-version":[{"id":10807,"href":"https:\/\/cyrkus.eu\/pl\/wp-json\/wp\/v2\/pages\/10722\/revisions\/10807"}],"up":[{"embeddable":true,"href":"https:\/\/cyrkus.eu\/pl\/wp-json\/wp\/v2\/pages\/358"}],"wp:featuredmedia":[{"embeddable":true,"href":"https:\/\/cyrkus.eu\/pl\/wp-json\/wp\/v2\/media\/3028"}],"wp:attachment":[{"href":"https:\/\/cyrkus.eu\/pl\/wp-json\/wp\/v2\/media?parent=10722"}],"curies":[{"name":"wp","href":"https:\/\/api.w.org\/{rel}","templated":true}]}}

<div class="breit Ueberschrift-Titel">
<h1 class="wp-block-heading">CYRKUS w sklepie</h1>
</div>



<div class="breit Container-Durchsichtig">
<div class="gb-element-16b30f04">
<div>
<img loading="lazy" decoding="async" width="1024" height="1024" src="https://cyrkus.eu/wp-content/uploads/2025/03/cyrkus-laden.webp" title="cyrkus-laden" srcset="https://cyrkus.eu/wp-content/uploads/2025/03/cyrkus-laden.webp 1024w, https://cyrkus.eu/wp-content/uploads/2025/03/cyrkus-laden-800x800.webp 800w, https://cyrkus.eu/wp-content/uploads/2025/03/cyrkus-laden-340x340.webp 340w, https://cyrkus.eu/wp-content/uploads/2025/03/cyrkus-laden-768x768.webp 768w" sizes="auto, (max-width: 1024px) 100vw, 1024px" />
</div>



<div>
<p>Od wiosny 2012 roku istnieje cotygodniowy lokalny projekt <em>CYRKUS w sklepie</em>. Jego wyjątkowość polega na tym, że przez lata jako miejsce treningowe wykorzystywano pusty lokal sklepowy. Dzięki temu staliśmy się widoczni w centrum miasta Görlitz. Ponieważ jednak lokal ten stał się zbyt mały, obecnie korzystamy z CYRKUSowego DOMicila.</p>



<p>Warsztaty w sklepie CYRKUS są pozaszkolną formą spędzenia czasu wolnego zawierającą&nbsp;koncepcję pedagogiczną. <br>Dzięki nim, dzieci i młodzież z bliźniaczego miasta mają możliwość&nbsp;porozumiewania się za pomocą języka ciała i ruchu.</p>



<p class="has-text-align-left">Plan <a href="https://cyrkus.eu/pl/cyrkus/cyrkus-w-sklepie/">warsztatów w sezonie 2025/2026</a> znajduje się pod opisem projektu!</p>
</div>
</div>
</div>



<div class="breit Container-Orange">
<div class="gb-element-4ddd5024">
<div>
<p>Poza cyrkowymi dyscyplinami takimi jak żonglerka, akrobatyka, monocykl i klaunada, trenowane&nbsp;są na każdym kursie, również techniki teatralne mając na celu naukę sztuki prezentacji. Warsztaty&nbsp;otwarte są dla dzeci od lat 7. </p>



<p>Dla 0 do 7-latków odbywają się warsztaty zabawy cyrkowe, w trakcie&nbsp;których najmniejsi poznają świat cyrku, mogą się wypróbować, wzajemnie poznać i sobie&nbsp;pomagać. Następnym warsztatem, jest variétés dla młodzieży z doświadczeniem cyrkowym.</p>
</div>



<div>
<img loading="lazy" decoding="async" width="1024" height="1024" src="https://cyrkus.eu/wp-content/uploads/2025/03/cyrkus-im-laden-3.webp" title="cyrkus-im-laden-3" srcset="https://cyrkus.eu/wp-content/uploads/2025/03/cyrkus-im-laden-3.webp 1024w, https://cyrkus.eu/wp-content/uploads/2025/03/cyrkus-im-laden-3-800x800.webp 800w, https://cyrkus.eu/wp-content/uploads/2025/03/cyrkus-im-laden-3-340x340.webp 340w, https://cyrkus.eu/wp-content/uploads/2025/03/cyrkus-im-laden-3-768x768.webp 768w" sizes="auto, (max-width: 1024px) 100vw, 1024px" />
</div>
</div>
</div>



<div class="breit Container-Lila">
<div class="gb-element-4d3dccb8">
<div>
<img loading="lazy" decoding="async" width="1024" height="1024" src="https://cyrkus.eu/wp-content/uploads/2025/03/cyrkus-im-laden-1.webp" title="cyrkus-im-laden-1" srcset="https://cyrkus.eu/wp-content/uploads/2025/03/cyrkus-im-laden-1.webp 1024w, https://cyrkus.eu/wp-content/uploads/2025/03/cyrkus-im-laden-1-800x800.webp 800w, https://cyrkus.eu/wp-content/uploads/2025/03/cyrkus-im-laden-1-340x340.webp 340w, https://cyrkus.eu/wp-content/uploads/2025/03/cyrkus-im-laden-1-768x768.webp 768w" sizes="auto, (max-width: 1024px) 100vw, 1024px" />
</div>



<div>
<p>W powyższych formach cyrk jest narzędziem wspierającym, w różnych fazach rozwoju dzieci,&nbsp;świadomość i postrzeganie samego siebie oraz grupy.&nbsp;Na koniec kalendarzowego roku, jak i na zakończenie każdego, ok. sześciomiesięcznego sezonu&nbsp;sklepu CYRKUS, pod pedagogiczno &#8211; artystycznym kierownictwem uczestnicy wspólnie opracowują&nbsp;występy, prezentowane przed publicznością. Dotychczas przedstawienia odbyły się w Gerhart-Hauptmann-Theater Görlitz-Zittau, na scenie Apollo, w Miejskim Domu Kultury w Zgorzelcu, w&nbsp;trakcie pikniku kulturalnego na Demianiplatz w Görlitz, na rynku w Sulikowie, przy Kühlhaus oraz na Śląskim&nbsp;Jarmarku Bożonarodzeniowym w Görlitz.</p>
</div>
</div>
</div>



<div class="breit Container-Durchsichtig">
<h2 class="wp-block-heading">Projekt CYRKUS w sklepie | im Laden w 2025 roku jest wspierany przez:</h2>


<div class="wp-block-image">
<figure class="aligncenter size-large"><img loading="lazy" decoding="async" width="1600" height="618" src="https://cyrkus.eu/wp-content/uploads/2025/08/cil-foerderer-594-x-420-mm-1600x618.jpg" alt="" class="wp-image-10691" srcset="https://cyrkus.eu/wp-content/uploads/2025/08/cil-foerderer-594-x-420-mm-1600x618.jpg 1600w, https://cyrkus.eu/wp-content/uploads/2025/08/cil-foerderer-594-x-420-mm-800x309.jpg 800w, https://cyrkus.eu/wp-content/uploads/2025/08/cil-foerderer-594-x-420-mm-768x297.jpg 768w, https://cyrkus.eu/wp-content/uploads/2025/08/cil-foerderer-594-x-420-mm-1536x593.jpg 1536w, https://cyrkus.eu/wp-content/uploads/2025/08/cil-foerderer-594-x-420-mm-2048x791.jpg 2048w" sizes="auto, (max-width: 1600px) 100vw, 1600px" /></figure>
</div></div>



<p>Zdjęcia: Występ CYRKUS w sklepie | im Laden 2024 © Jacek Rydecki</p>

<p>CYRKUS w sklepie Od wiosny 2012 roku istnieje cotygodniowy lokalny projekt CYRKUS w sklepie. Jego &#8230; <a title="CYRKUS w sklepie" class="read-more" href="https://cyrkus.eu/pl/cyrkus/cyrkus-im-laden-w-sklepie/" aria-label="Dowiedz się więcej o CYRKUS w sklepie">Czytaj dalej</a></p>
